= -k*s - 12. Let m = 26 - s. What are the prime factors of m?
23
Let l be 15 + -2*(2 - 3). Suppose -4*t - 8 = 0, 0 = -5*k - 5*t - 3 - l. List the prime factors of (-1)/(k/2) - -37.
2, 19
Let s(b) = -68*b + 50. What are the prime factors of s(-8)?
2, 3, 11
List the prime factors of 40 - (-4 + 0 + -2 - -5).
41
Suppose 19*h - 9*h = 5730. What are the prime factors of h?
3, 191
Suppose -67*c + 137275 = 32889. List the prime factors of c.
2, 19, 41
Suppose -11*t + 14*t + 9 = 0. Let y(f) = -2*f**3 + f**2 + 4*f + 6. What are the prime factors of y(t)?
3, 19
Suppose 10*z + 846 + 804 = 0. Let x = -60 - z. What are the prime factors of x?
3, 5, 7
Let s be 4/10 - (-72)/20. Suppose -214 = -3*d + 2*y, 5*d - 483 + 127 = s*y. Let f = d - 31. List the prime factors of f.
41
Let h(q) = 5*q**2 + 3*q + 2. Let s be h(4). Suppose 2*n + 0*d - d + s = 0, 4*n + 4*d = -200. What are the prime factors of ((-1)/1)/(8/n)?
2, 3
What are the prime factors of (-261)/(-6)*8/(3 - 1)?
2, 3, 29
Let y = 4298 + -2446. What are the prime factors of y?
2, 463
Suppose 4*j + 3*z = 3875, -1936 = 4*j - 6*j - 2*z. What are the prime factors of j?
971
What are the prime factors of 2*(-3)/12*-4370?
5, 19, 23
Let f(q) = 2*q - 30. Let p be f(16). Suppose -76 = -p*a + 14. What are the prime factors of a?
3, 5
Let b = 31 + -28. Suppose -2*z = -b*z. Suppose -91 = -3*p - z*n + 5*n, -2*n = 4*p - 130. List the prime factors of p.
2
Suppose 4*d = 6*d + 48. Let v be d/(-16)*58/3. Suppose 2*p = p + v. List the prime factors of p.
29
Suppose 5*m = 9*q - 7*q - 582, q = -5*m + 291. What are the prime factors of q?
3, 97
Suppose 4*j - 2*j - 3*c = -6, 2*j = 2*c - 4. Suppose -a + 56 + 118 = j. What are the prime factors of a?
2, 3, 29
Suppose 4*b + 99 = 479. Let y = b + -38. List the prime factors of y.
3, 19
Let h(c) = -34*c**2 + c - 3. Let r(w) = -103*w**2 + 3*w - 9. Let u(y) = 8*h(y) - 3*r(y). List the prime factors of u(2).
149
Let q(r) = 115*r - 871. List the prime factors of q(54).
19, 281
Let i be 28/3*15/(-2). What are the prime factors of (-2 + 12/(-21))/(5/i)?
2, 3
Suppose -4*f = -l + 21, -4*l + f = -73 + 4. Let o = 8 - l. What are the prime factors of 1068/16 - o/(-12)?
2, 3, 11
Suppose -2*a + 1 - 7 = 2*c, 5*a = 2*c + 6. Let r = 13 - 36. Let h = a - r. What are the prime factors of h?
23
Suppose 3 = w + 1. Suppose 5*r - 451 = -w*f - 44, 0 = -2*r + f + 170. What are the prime factors of r?
83
Let n(j) = j**2 - 6*j - 27. Let f be n(9). Suppose -2*r - 5*u + 34 = 10, -5*r - 2*u + 102 = f. What are the prime factors of r?
2, 11
Let k(m) = -37*m**3 - 9*m**2 + 8. Let x(r) = 19*r**3 + 4*r**2 - 4. Let l(w) = 2*k(w) + 5*x(w). List the prime factors of l(2).
2, 43
Suppose -o + 959 = n + 4*o, 3936 = 4*n - 5*o. What are the prime factors of n?
11, 89
Let y(k) be the third derivative of -k**4/8 + 13*k**3/3 - 18*k**2. List the prime factors of y(-23).
5, 19
Let o = -5 + 5. Suppose o = t - 3*f + 5, t - 2*f = -3*t + 10. Suppose 0 = t*d - 5*b - 13, -d + 6*d - 2*b - 29 = 0. List the prime factors of d.
7
Suppose 62 = 12*z + 14. Suppose 4*p = z*c - 512, 0*p = -4*p + 20. List the prime factors of c.
7, 19
Suppose -73 - 89 = -3*n. List the prime factors of ((-1)/1)/((-3)/n).
2, 3
Let t(i) = -i**2 + 3*i + 13. Let g be (4 - 0)/((-42)/(-21)). Suppose -3*m - 7 = -2*k + 2, g*k - 6 = 2*m. List the prime factors of t(k).
13
Let d(f) = f - 4*f**3 + 6*f**2 - 1 + 3*f**3 + f - f. Let q be d(6). Suppose -n + 6 + 1 = 5*u, -3*n + 21 = -q*u. List the prime factors of n.
7
Let o(l) = 15*l**2 - 6. What are the prime factors of o(-5)?
3, 41
Let n = 32 - 29. Suppose -83 = -n*h + 82. What are the prime factors of h?
5, 11
Suppose -8*f + 30 = -3*f. List the prime factors of ((-72)/(-24))/(f/94).
47
Suppose -5*q = -3*q + 24. Let v = -7 - q. Suppose i - 29 = -v*l, 0 = l - 5*i + 3*i - 8. List the prime factors of l.
2, 3
Let f = 1656 - 804. What are the prime factors of f?
2, 3, 71
Let g = -377 + 720. List the prime factors of g.
7
Let c = 47 - 44. What are the prime factors of -4 - (-114)/(-2 + c)?
2, 5, 11
Let q(c) = c**3 + 8*c**2 + 7. Let g be q(-8). Suppose -3*k + 32 + g = 0. Let u = k + -7. What are the prime factors of u?
2, 3
List the prime factors of 106 + (1 - -1)/((-38)/57).
103
Let u = 34 - 30. Suppose -u*f = -6*f + 22. What are the prime factors of f?
11
Let b be ((-2)/5)/((36/6)/(-630)). Suppose 2 = -h + 2*h. Suppose 7*q = 2*q - h*a + 184, -q = 3*a - b. List the prime factors of q.
2, 3
List the prime factors of (-800)/(-2) + (-6)/3*1.
2, 199
Let j be 10/(-30) - 722/(-6). Suppose 2*y = k + 96, -5*y - 2*k + 138 = -j. List the prime factors of y.
2, 5
Suppose 2*d = -3*n + 5*d + 3009, -3*d + 12 = 0. What are the prime factors of n?
19, 53
Let f(k) = -k + 4. Let b(m) = -3*m - 24. Let y(t) = 1. Let v(l) = -b(l) - 18*y(l). Let x be v(-6). List the prime factors of f(x).
2
Suppose -15 = -w - 2*w. Let t = w + 5. Suppose j - 38 = -t. List the prime factors of j.
2, 7
Let s be (-1 - -1) + 146/1. Let z = 20 - 15. List the prime factors of 1/(-5) + s/z.
29
Let z(i) = i + 4. Let x(m) = -3*m - 7. Let o(h) = 3*x(h) + 5*z(h). Suppose 3*t - 2*t + 4 = 0. List the prime factors of o(t).
3, 5
Suppose 0 = 2*d - 21 - 27. Let a = 299 - d. List the prime factors of a.
5, 11
Let w(m) = 286*m - 1. Let x be w(-1). Let q = 422 + x. List the prime factors of q.
3, 5
Let n be 1*3*(4 - 3). Suppose 626 = -n*l + 191. What are the prime factors of 6/21 - l/7?
3, 7
Let j(z) = 61*z + 73. List the prime factors of j(5).
2, 3, 7
Suppose -a - 330 = -4*a. Let u = a - 66. What are the prime factors of u?
2, 11
Suppose -67 - 10 = 3*x + f, -4*f = -3*x - 52. Let c = 23 + x. Let g(a) = 7*a**2 + 2*a + 2. What are the prime factors of g(c)?
7
Suppose 52*u + 284 = 54*u. List the prime factors of u.
2, 71
Suppose -68 = 5*u - 2*x, 3*u - 4*x + 40 = u. What are the prime factors of 1 + (-1545)/u + (-6)/(-24)?
2, 5, 13
Suppose 2*w = 5*w. Suppose -v = -w*v - 36. What are the prime factors of v?
2, 3
Let f(u) = 140*u**2 - 136*u**2 - 6 + 5*u + u. What are the prime factors of f(-8)?
2, 101
Let g = 138 - -252. Suppose -4*m = m - g. What are the prime factors of m?
2, 3, 13
Suppose -a + 1 + 0 = f, 24 = 4*f - a. What are the prime factors of (-56)/10*f/(-2)?
2, 7
Suppose 5*f = 5*n - 25, 7 = -4*n - 8*f + 3*f. Suppose -q - n*q = -i, -7 = -4*q - i. Suppose 0 = -2*w + 5 + q. What are the prime factors of w?
3
What are the prime factors of 9/15 - (-199408)/220?
907
Let c(w) = 0*w**2 + 29 - 13*w - 9*w - w**2. List the prime factors of c(-16).
5
Let b(r) = 13*r**2 - 11*r + 3. What are the prime factors of b(-8)?
13, 71
Let h(x) = -x + x + 0*x + 11*x**2. Let q = -14 + 15. What are the prime factors of h(q)?
11
Suppose 0 = -5*v + 4*v + 87. Let b = 187 - v. What are the prime factors of b?
2, 5
Suppose -4*k + 0*k + 36 = 0. What are the prime factors of (1 - k)*6/9*-15?
2, 5
Let t = 189 - 56. Let o be (t + -1)*6/4. Suppose j = -4*j + 4*s + o, -2*j + 80 = -2*s. What are the prime factors of j?
2, 19
Let j = -681 + 1218. What are the prime factors of j?
3, 179
Let p(k) be the third derivative of -k**6/144 + k**5/120 + 5*k**4/24 + 7*k**2. Let i(q) be the second derivative of p(q). List the prime factors of i(-6).
31
List the prime factors of 2158 - ((-3 - 0) + 31)/4.
3, 239
Suppose n + 14 = 4*n + 2*a, -3*a = -12. Suppose -n*t - 4*t = -432. List the prime factors of t.
2, 3
Let v be 2/(-4)*2 - (-1295 + 0). What are the prime factors of (-8)/76 - v/(-19)?
2, 17
Let h = -123 + 345. What are the prime factors of h?
2, 3, 37
Let y(b) = -b**2 + 1. Let l be y(0). Let s = l + 2. Suppose -5*a - 115 = -5*z + 110, 141 = s*z - a. List the prime factors of z.
2, 3
Suppose 4*v - 8*v = -s + 378, -2*v + 4 = 0. List the prime factors of s.
2, 193
Let w(k) = 2*k**2 - 13 + 0*k + 2*k**2 + 2*k. What are the prime factors of w(4)?
59
Let d = 1 + 0. Let b(j) = 36*j**2 + 3 - 5705*j + 2*j**2 + 5703*j. List the prime factors of b(d).
3, 13
Let h = 2347 - 1485. List the prime factors of h.
2, 431
Suppose -j - j + 5*z + 19 = 0, 0 = -4*j - 5*z - 7. Suppose 7*s = -193 + 53. List the prime factors of s*(j + (-48)/20).
2
Let t(y) = -y**3 + 3*y**2 - 5*y + 3. Let m be t(3). Let o = -12 - m. Suppose -3*p + a + a + 56 = 0, -p - 3*a + 26 = o. What are the prime factors of p?
2, 5
Suppose -239 = 6*b - 65. Let f(k) = -13*k**2 + 2*k